 base 15, what is 6 - -2?
8
In base 14, what is -291 - 9?
-29a
In base 6, what is 10 - -4?
14
In base 11, what is 17 - 37a?
-363
In base 10, what is 1 - -185?
186
In base 11, what is 47 - 311?
-275
In base 4, what is 1121 - -12?
1133
In base 14, what is -2 - 17a?
-17c
In base 9, what is 3 + 2832?
2835
In base 5, what is -11 - 3331?
-3342
In base 4, what is 2010 + 120?
2130
In base 3, what is 201 + 20210?
21111
In base 5, what is 313 + -2?
311
In base 16, what is -5 - -12f?
12a
In base 2, what is -111 + -1100001?
-1101000
In base 11, what is -65 + 17?
-49
In base 9, what is 5 + -48?
-43
In base 8, what is -23 - -1?
-22
In base 12, what is -3a + 0?
-3a
In base 2, what is -1001011 - -110?
-1000101
In base 11, what is -365 + 3?
-362
In base 11, what is -57 + 3?
-54
In base 13, what is 7742 - 0?
7742
In base 3, what is -10202 - 1?
-10210
In base 6, what is -5 + -510?
-515
In base 13, what is 6 + -111?
-108
In base 5, what is -4 - -34002?
33443
In base 7, what is 31 - 2600?
-2536
In base 6, what is 0 - 13532?
-13532
In base 4, what is -21000 - -10?
-20330
In base 12, what is -588 + 4?
-584
In base 9, what is 3 - -27?
31
In base 3, what is -12222 - 222?
-20221
In base 14, what is 14 - -314?
328
In base 16, what is 3 - 16db?
-16d8
In base 10, what is 7 + -41?
-34
In base 14, what is a - 33?
-27
In base 12, what is 1 + 22b2?
22b3
In base 14, what is -3b - 23?
-60
In base 6, what is 144 + -11?
133
In base 12, what is 2 + -145?
-143
In base 3, what is 0 - 122?
-122
In base 9, what is 204 + -4?
200
In base 15, what is 76 + 2?
78
In base 6, what is 1 + 115?
120
In base 2, what is -11 + 1000101110?
1000101011
In base 14, what is 38c + 3?
391
In base 2, what is 100011010010 - 100?
100011001110
In base 14, what is c99 - 2?
c97
In base 11, what is -3 - -11?
9
In base 4, what is -222223 - 22?
-222311
In base 2, what is -11101 + -101000?
-1000101
In base 5, what is -140320 + 1?
-140314
In base 5, what is 1 - -132?
133
In base 7, what is -1 - -30?
26
In base 2, what is -10111 - -10001?
-110
In base 12, what is -17a5 - -2?
-17a3
In base 13, what is -294 - 1?
-295
In base 10, what is 8418 + -5?
8413
In base 16, what is 1e + -3?
1b
In base 5, what is 1 - -11?
12
In base 2, what is 11001101 + -10?
11001011
In base 2, what is 100000110110 + -100?
100000110010
In base 4, what is -1122322 - 10?
-1122332
In base 6, what is -3440 + -2?
-3442
In base 6, what is -3155 + -4?
-3203
In base 12, what is -7bb + -2?
-801
In base 16, what is 5 - -283?
288
In base 2, what is -10100010101 - 0?
-10100010101
In base 15, what is 3 - -438?
43b
In base 10, what is 4 - 51?
-47
In base 5, what is -1 - -223410?
223404
In base 15, what is 5 + 6d3?
6d8
In base 3, what is -1 + 10111?
10110
In base 13, what is -10 + -8?
-18
In base 12, what is 0 + 71?
71
In base 13, what is b + -3?
8
In base 8, what is 120 - -7?
127
In base 7, what is -412 + 40?
-342
In base 4, what is -201 - 132?
-333
In base 11, what is -122 + 5?
-118
In base 14, what is -4 + 285?
281
In base 15, what is -24c8 + 0?
-24c8
In base 15, what is 13 - 7?
b
In base 14, what is 245 + -4?
241
In base 8, what is 0 - -61?
61
In base 5, what is -2141 - -10?
-2131
In base 13, what is 1 - -13c?
140
In base 3, what is 101010 - 0?
101010
In base 5, what is 2 + -304?
-302
In base 10, what is 85 + -6?
79
In base 14, what is -4 + -2?
-6
In base 15, what is -5 + -63d?
-643
In base 6, what is -1231 - -10?
-1221
In base 6, what is 234 + 11?
245
In base 14, what is -66 - -6?
-60
In base 13, what is -3 + -29?
-2c
In base 4, what is -210 - 11?
-221
In base 16, what is 84 - -3f?
c3
In base 15, what is 41 - -c?
4d
In base 14, what is -34 - 34?
-68
In base 15, what is -3 + 175?
172
In base 7, what is -2 + 5?
3
In base 16, what is 1f + 4?
23
In base 16, what is 7 - -5a?
61
In base 4, what is 321 + 30?
1011
In base 9, what is 13 + 2272?
2285
In base 3, what is 12201 - -11?
12212
In base 9, what is 3 - -142?
145
In base 4, what is -2 + 1300?
1232
In base 10, what is -2 - 195?
-197
In base 10, what is -11 - 27?
-38
In base 8, what is -20 + 20?
0
In base 10, what is -2306 + 4?
-2302
In base 4, what is -2231 - 0?
-2231
In base 2, what is -10010 - 11?
-10101
In base 5, what is -1 - -22?
21
In base 8, what is -5 + -34?
-41
In base 14, what is -3c6 - -1?
-3c5
In base 13, what is -a9 - 1?
-aa
In base 11, what is -45 + 5?
-40
In base 16, what is 0 + 137f?
137f
In base 2, what is -110110011 + 100?
-110101111
In base 3, what is 10 - 12022000?
-12021220
In base 14, what is -3 + -d?
-12
In base 13, what is a - 24?
-17
In base 14, what is 8 - 2c?
-24
In base 10, what is -16 - -7?
-9
In base 6, what is 30 - -42?
112
In base 6, what is 24 - 45?
-21
In base 13, what is -5 + -ca8?
-cb0
In base 13, what is -2 + 97a?
978
In base 5, what is -332 - -11?
-321
In base 5, what is -11 + 143?
132
In base 5, what is -1122 - 20?
-1142
In base 2, what is 111 - -10110101?
10111100
In base 9, what is -126 - -6?
-120
In base 10, what is -4 + -96?
-100
In base 16, what is -6e - 5d?
-cb
In base 10, what is -667 + 17?
-650
In base 2, what is 111011111110 - 100?
111011111010
In base 5, what is -3 - 220?
-223
In base 14, what is 25c2 + -1?
25c1
In base 4, what is 10200 + -1033?
3101
In base 6, what is -5343 + 0?
-5343
In base 13, what is 38a - 0?
38a
In base 2, what is 1101 + -11110?
-10001
In base 5, what is -102 + 103?
1
In base 11, what is -61a - 2?
-621
In base 3, what is -2 - 1202?
-1211
In base 16, what is -33 - -8a?
57
In base 6, what is -1 - -15253?
15252
In base 13, what is -5 + -11?
-16
In base 16, what is -7 + 34?
2d
In base 7, what is -2165 - 1?
-2166
In base 12, what is 2 + 418?
41a
In base 6, what is 4 - 15032?
-15024
In base 3, what is -1100220 + 11?
-1100202
In base 12, what is 10 - -142?
152
In base 12, what is 0 - -24?
24
In base 9, what is 56 + -130?
-63
In base 15, what is 145 + -18?
12c
In base 15, what is 10b3 + 5?
10b8
In base 11, what is -4 + -39?
-42
In base 14, what is 5 + 1066?
106b
In base 3, what is 2100 + 22?
2122
In base 11, what is 9 - 24?
-16
In base 15, what is 11 - -7?
18
In base 5, what is 11430 - 11?
11414
In base 3, what is 11101 + 11?
11112
In base 9, what is 34758 + 4?
34763
In base 14, what is -96 + -29?
-c1
In base 11, what is 3 + 34?
37
In base 2, what is 1 - 10110?
-10101
In base 4, what is -131300 + 13?
-131221
In base 12, what is 24 - 17?
9
In base 3, what is -112111 - 10?
-112121
In base 4, what is -3 - 2232?
-2301
In base 10, what is -4 - 290?
-294
In base 10, what is 9 + 0?
9
In base 6, what is 0 - 15?
-15
In base 4, what is -22202 - 2?
-22210
In base 7, what is -20 + -133?
-153
In base 6, what is -5454 + -2?
-5500
In base 3, what is 22122 + -102?
22020
In base 13, what is -3 + a5?
a2
In base 11, what is 6 - -66?
71
In base 8, what is -373 - -3?
-370
In base 15, what is -9b + -8?
-a4
In base 14, what is 11c8 + -5?
11c3
In base 5, what is 10 - -2200?
2210
In base 12, what is -3 - -44?
41
In base 9, what is 53 + 47?
111
In base 6, what is 1 + -15?
-14
In base 7, what is 3005 + -3?
3002
In base 3, what is 101 - -110210?
111011
In base 7, what is -52 + -10?
-62
In base 7, what is 0 - 2636?
-2636
In base 6, what is -1 - -23?
22
In base 14, what is -7 + a?
3
In base 16, what is 2 + 2a?
2c
In base 3, what is -20 - 21?
-111
In base 15, what is 85a + -3?
857
In base 2, what is 1111000 - 0?
1111000
In base 7, what is 0 + -305?
-305
In base 2, what is 1101111 + 101?
1110100
In base 15, what is -305e + -2?
-3061
In base 12, what is 8 + -127a?
-1272
In base 6, what is 5 - -30540?
30545
In base 10, what is -1179 - 12?
-1191
In base 5, what is 114122 - -1?
114123
In base 16, what is 39 - -46?
7f
In base 14, what is 52 - b?
45
In base 5, what is -114 + -304?
-423
In base 7, what is 1 + -60?
-56
In base 5, what is 120 + 0?
120
In base 8, what is -46 - -21?
-25
In base 11, what is -2 - 30?
-32
In base 12, what is -8 - -58?
50
In base 4, what is 12 - 13322?
-13310
In base 16, what is -b - -31?
26
In base 12, what is 60 - 14?
48
In base 5, what is 4 - 2320?
-2311
In base 12, what is -12 + 9?
-5
In base 12, what is -29 - 106?
-133
In base 2, what is -10 + 101000?
100110
In base 13, what is -89 - -7?
-82
In base 11, what is -157 - 9?
-165
In base 14, what is 1b - 55?
-38
In base 13, what is -2 + 78?
76
In base 13, what is -10 - 98?
-a8
In base 4, what is -12 + 